{"version":"1.0","provider_name":"Eutanasia no, toda vida importa","provider_url":"https:\/\/www.forumlibertas.com\/eutanasia","title":"El Colegio Oficial de Enfermer\u00eda de Madrid publica recomendaciones sobre la pr\u00e1ctica de la eutanasia - Eutanasia no, toda vida importa","type":"rich","width":600,"height":338,"html":"<blockquote class=\"wp-embedded-content\" data-secret=\"rAtMujcCi3\"><a href=\"https:\/\/www.forumlibertas.com\/eutanasia\/recomendaciones-eutanasia\/\">El Colegio Oficial de Enfermer\u00eda de Madrid publica recomendaciones sobre la pr\u00e1ctica de la eutanasia<\/a><\/blockquote><iframe sandbox=\"allow-scripts\" security=\"restricted\" src=\"https:\/\/www.forumlibertas.com\/eutanasia\/recomendaciones-eutanasia\/embed\/#?secret=rAtMujcCi3\" width=\"600\" height=\"338\" title=\"\u00abEl Colegio Oficial de Enfermer\u00eda de Madrid publica recomendaciones sobre la pr\u00e1ctica de la eutanasia\u00bb \u2014 Eutanasia no, toda vida importa\" data-secret=\"rAtMujcCi3\" frameborder=\"0\" marginwidth=\"0\" marginheight=\"0\" scrolling=\"no\" class=\"wp-embedded-content\"><\/iframe><script type=\"text\/javascript\">\n\/* <![CDATA[ *\/\n\/*! This file is auto-generated *\/\n!function(d,l){\"use strict\";l.querySelector&&d.addEventListener&&\"undefined\"!=typeof URL&&(d.wp=d.wp||{},d.wp.receiveEmbedMessage||(d.wp.receiveEmbedMessage=function(e){var t=e.data;if((t||t.secret||t.message||t.value)&&!\/[^a-zA-Z0-9]\/.test(t.secret)){for(var s,r,n,a=l.querySelectorAll('iframe[data-secret=\"'+t.secret+'\"]'),o=l.querySelectorAll('blockquote[data-secret=\"'+t.secret+'\"]'),c=new RegExp(\"^https?:$\",\"i\"),i=0;i<o.length;i++)o[i].style.display=\"none\";for(i=0;i<a.length;i++)s=a[i],e.source===s.contentWindow&&(s.removeAttribute(\"style\"),\"height\"===t.message?(1e3<(r=parseInt(t.value,10))?r=1e3:~~r<200&&(r=200),s.height=r):\"link\"===t.message&&(r=new URL(s.getAttribute(\"src\")),n=new URL(t.value),c.test(n.protocol))&&n.host===r.host&&l.activeElement===s&&(d.top.location.href=t.value))}},d.addEventListener(\"message\",d.wp.receiveEmbedMessage,!1),l.addEventListener(\"DOMContentLoaded\",function(){for(var e,t,s=l.querySelectorAll(\"iframe.wp-embedded-content\"),r=0;r<s.length;r++)(t=(e=s[r]).getAttribute(\"data-secret\"))||(t=Math.random().toString(36).substring(2,12),e.src+=\"#?secret=\"+t,e.setAttribute(\"data-secret\",t)),e.contentWindow.postMessage({message:\"ready\",secret:t},\"*\")},!1)))}(window,document);\n\/\/# sourceURL=https:\/\/www.forumlibertas.com\/eutanasia\/wp-includes\/js\/wp-embed.min.js\n\/* ]]> *\/\n<\/script>\n","thumbnail_url":"https:\/\/www.forumlibertas.com\/eutanasia\/wp-content\/uploads\/2021\/07\/enferma-600x337-1.jpg","thumbnail_width":600,"thumbnail_height":337,"description":"El 18 de marzo de 2021, el Congreso de los Diputados aprobaba de forma definitiva la regulaci\u00f3n de ayuda para morir, la eutanasia, siendo publicada en el Bolet\u00edn Oficial del Estado la Ley Org\u00e1nica 3\/2021, de 24 de marzo, de regulaci\u00f3n de la eutanasia, estando prevista su entrada en vigor el 25 de junio de..."}

El Colegio Oficial de Enfermería de Madrid publica recomendaciones sobre la práctica de la eutanasia - Eutanasia no, toda vida importa

<blockquote class="wp-embedded-content" data-secret="rAtMujcCi3"><a href="https://www.forumlibertas.com/eutanasia/recomendaciones-eutanasia/">El Colegio Oficial de Enfermería de Madrid publica recomendaciones sobre la práctica de la eutanasia</a></blockquote><iframe sandbox="allow-scripts" security="restricted" src="https://www.forumlibertas.com/eutanasia/recomendaciones-eutanasia/embed/#?secret=rAtMujcCi3" width="600" height="338" title="«El Colegio Oficial de Enfermería de Madrid publica recomendaciones sobre la práctica de la eutanasia» — Eutanasia no, toda vida importa" data-secret="rAtMujcCi3" frameborder="0" marginwidth="0" marginheight="0" scrolling="no" class="wp-embedded-content"></iframe><script type="text/javascript">
/* <![CDATA[ */
/*! This file is auto-generated */
!function(d,l){"use strict";l.querySelector&&d.addEventListener&&"undefined"!=typeof URL&&(d.wp=d.wp||{},d.wp.receiveEmbedMessage||(d.wp.receiveEmbedMessage=function(e){var t=e.data;if((t||t.secret||t.message||t.value)&&!/[^a-zA-Z0-9]/.test(t.secret)){for(var s,r,n,a=l.querySelectorAll('iframe[data-secret="'+t.secret+'"]'),o=l.querySelectorAll('blockquote[data-secret="'+t.secret+'"]'),c=new RegExp("^https?:$","i"),i=0;i<o.length;i++)o[i].style.display="none";for(i=0;i<a.length;i++)s=a[i],e.source===s.contentWindow&&(s.removeAttribute("style"),"height"===t.message?(1e3<(r=parseInt(t.value,10))?r=1e3:~~r<200&&(r=200),s.height=r):"link"===t.message&&(r=new URL(s.getAttribute("src")),n=new URL(t.value),c.test(n.protocol))&&n.host===r.host&&l.activeElement===s&&(d.top.location.href=t.value))}},d.addEventListener("message",d.wp.receiveEmbedMessage,!1),l.addEventListener("DOMContentLoaded",function(){for(var e,t,s=l.querySelectorAll("iframe.wp-embedded-content"),r=0;r<s.length;r++)(t=(e=s[r]).getAttribute("data-secret"))||(t=Math.random().toString(36).substring(2,12),e.src+="#?secret="+t,e.setAttribute("data-secret",t)),e.contentWindow.postMessage({message:"ready",secret:t},"*")},!1)))}(window,document);
//# sourceURL=https://www.forumlibertas.com/eutanasia/wp-includes/js/wp-embed.min.js
/* ]]> */
</script>

El 18 de marzo de 2021, el Congreso de los Diputados aprobaba de forma definitiva la regulación de ayuda para morir, la eutanasia, siendo publicada en el Boletín Oficial del Estado la Ley Orgánica 3/2021, de 24 de marzo, de regulación de la eutanasia, estando prevista su entrada en vigor el 25 de junio de...
